et k be i(-4). Let p(c) = -2*c - c**2 - 5*c + 3*c + k. What is p(-5)?
-1
Suppose -2*i - t = -4*i - 8, 8 = -2*i + 5*t. Let d(q) = -5 - q - 1 + 5 - q. Give d(i).
7
Let g(r) = 0*r - 3 - r - 4*r - r**2. Let v(m) = -m**3 + 10*m**2 - 9*m - 2. Let c be v(9). Let k(i) = 2*i**3 + 4*i**2 + 3*i + 2. Let p be k(c). Calculate g(p).
1
Let j(a) = -5*a + 1. Let o(l) = l. Let b(q) = -2*j(q) - 11*o(q). Determine b(4).
-6
Suppose c = -l + 2 - 6, 5*l + 10 = 5*c. Let n(m) = -m**3 - 3*m**2 + m - 2. Calculate n(l).
-5
Let t be 3/(-2) + (-28)/(-8). Suppose -7 = 4*l + a, 3*l - a - t*a = -9. Let z(s) = s**3 - 2*s**2 - 4*s - 2. What is z(l)?
-10
Let m(a) be the first derivative of a**3/3 + a + 1. Let o(f) = -7*f**2 - 3*f - 8. Let n(k) = -5*m(k) - o(k). Give n(-2).
5
Let p be 6/39 - 123/39. Let k(q) = 2*q**3 + 3*q**2 - q + 6. Let w(d) = -d**3 + d**2 + d - 1. Let c(a) = p*w(a) - k(a). Calculate c(6).
-15
Suppose d = -0*d + 5. Let g(c) be the first derivative of c**4/4 - 5*c**3/3 - 4*c - 4. Give g(d).
-4
Let f = 27 + -25. Let l(x) = 13*x - 21*x + 4 - f*x**2 + 11*x. Give l(3).
-5
Let y(n) = -n + 2. Suppose -4*d - d + 5*m = -15, -5*d + 18 = -2*m. Suppose 5*a = 4*j + d*a - 22, -j - 5 = 5*a. What is y(j)?
-3
Let n(i) be the second derivative of i**4/2 + 7*i. Determine n(1).
6
Let l = -2 + 4. Let k(w) = -w**3 + 3*w**2 - 2*w + 2. Let h be k(3). Let v(u) = -u**2 + 1. Let z(m) = 5*m**2 - 4. Let d(i) = h*v(i) - z(i). Determine d(l).
-4
Let w(s) = s**3 + 5*s**2 - 8*s - 6. Let t = 13 - 8. Let d be (-1)/(((-5)/(-6))/t). Give w(d).
6
Suppose 6*y = -8 - 10. Let s(v) = -2*v**2 - v + 2. What is s(y)?
-13
Suppose -4*r = 3*l + 7, 5*r - 2*l = l + 25. Let w(x) = -7*x - 3 + 0*x**2 + 2*x**r + x**3 - 3. Give w(-4).
-10
Let g(k) = -k**3 - 7*k**2 - 6*k - 3. Let o = -91 - -85. Calculate g(o).
-3
Let k(d) = -d**2 - d. Let n(l) = 4*l - 3. Suppose -4*b + 1 = 5. Let a(z) = b*k(z) - n(z). What is a(3)?
3
Let k(h) = h**3 + 5*h**2 - 7*h - 6. Suppose -3*y - 14 - 31 = 0. Let u = y + 9. What is k(u)?
0
Let o(h) = 3*h**2 + 4*h - 4. Let w be o(-4). Let j(t) = 60 - 32 + t - w. Determine j(-4).
-4
Let m(s) be the third derivative of s**6/120 - s**5/12 + 7*s**4/24 - 5*s**3/6 - 26*s**2. Give m(4).
7
Let w(c) = -10*c**3 + c**2 + c. Let t be -6 + 2 - (-6 + -1 + 4). What is w(t)?
10
Let h(p) = 3*p**3 - 14*p**2 - 7*p - 17. Let v(y) = -5*y**3 + 21*y**2 + 11*y + 26. Let u(c) = 8*h(c) + 5*v(c). Calculate u(-7).
1
Let l(f) = f - 5. Let i = -28 - -22. Calculate l(i).
-11
Let s(r) = r**2 - 2. Let y be s(-2). Suppose 0*l = -l + 4, y*f - 5*l + 22 = 0. Let b(v) be the third derivative of v**6/24 - v**5/60 - v**2. Determine b(f).
-6
Let v(m) = m**2. Suppose 0*r = 2*r - 8. Let z(x) = -2*x**3 + 1 - 3*x**2 + r*x**2 - 2*x**2. Let u be z(-1). Determine v(u).
4
Let a(u) = 8*u + 3 - 4*u - 2*u. Let f(c) = -3*c**2 - 3*c + 3. Let k be f(-3). Let g be (6/k)/((-2)/(-10)). Calculate a(g).
-1
Let k(p) = 4*p**2 + p + 6. Let x(z) = -5*z**2 - z - 7. Let u(y) = 6*k(y) + 5*x(y). Suppose 8 = -2*g - o, -5*g + 0*o = -4*o - 6. Calculate u(g).
-5
Let k(c) = 2*c - 2. Let r be k(-2). Let g(h) = -h - 8. Determine g(r).
-2
Let u(d) be the second derivative of 0 - d - 5/2*d**2 + 1/20*d**5 - 2/3*d**3 - 1/3*d**4. Give u(5).
0
Let n(i) = -9*i**3 - 2*i**2 + i. Let g = 131 + -130. Give n(g).
-10
Let x(t) = 5*t - 19. Let g(v) = -v + 5 + 0 + 0*v. Let d(z) = 9*g(z) + 2*x(z). Give d(-6).
1
Let z(q) = q. Let h(r) = -r**3 - r**2 + 2*r + 1. Let v(y) = -h(y) - z(y). Suppose 6*u + 5*s = 3*u - 16, 4*u + 2 = 3*s. Give v(u).
1
Let y(s) = 2*s**2 - 4*s**2 + 3*s**2 - 1. Let i(m) = -5*m**2 + 2*m + 10. Let z(r) = -i(r) - 6*y(r). Determine z(-4).
-12
Let m(a) = 3*a - 3*a + 6*a. Calculate m(-1).
-6
Let g be 4/(-24)*-1*5. Let w(q) be the third derivative of 1/60*q**5 + 0*q + g*q**3 - 2*q**2 + 0 - 1/8*q**4. Give w(4).
9
Let q(w) = -6*w**3 - w**2. Let c be q(-1). Suppose -c*r = -10, r = -2*l + 2*r - 4. Let z = l + -4. Let m(o) = o - 1. Determine m(z).
-6
Let c(b) = b**3 + 5*b**2 + 2*b - 2. Let o(y) = y**3 + 6*y**2 + 5*y - 4. Let u be o(-5). Calculate c(u).
6
Let m(j) = j - 8. Let z(u) = -3*u + 23. Let x(w) = 7*m(w) + 2*z(w). Suppose -4*k = -20 - 8. Let y be x(k). Let a(r) = -r + 2. Give a(y).
5
Suppose j - 1 = -3*s, -2*j + 3 = 2*s - 11. Let h(b) = b**3 - 11*b**2 + 9*b + 5. Let u be h(j). Let c(n) = n**2 + 7*n. Give c(u).
-10
Let u(q) = -q**2 - 7*q. Let b be u(-4). Suppose 2*g = 2*m + b, g + 3*m = 5*g - 24. Let t(l) = l - 1 - g + 2. What is t(4)?
-1
Let y be 2*1/(-2) - (-2 + 0). Let c(z) = -6*z**2 + 2*z - 2. What is c(y)?
-6
Suppose 2*w + 2 + 0 = 0. Let u be 0 - 1 - (w + 1). Let m(z) be the second derivative of z**4/4 - z**3/6 - z**2/2 - z. Calculate m(u).
3
Let j(i) = 4*i**2 - 3*i - 3*i - 5*i**2 - i**3 + 7*i + 5. Calculate j(0).
5
Let k(y) = -54 + 49 + y + 2*y. Calculate k(-5).
-20
Suppose 7*p - 4*p = -12. Let t(o) = o**3 + 2*o**2 - 6*o - 3. Determine t(p).
-11
Let n(q) = q**3 - 6*q**2 - 8*q - 10. Suppose 3*o - 14 = o. Give n(o).
-17
Let r(a) = 0*a - 6*a + 2*a - 1 - 4*a. Suppose -6 = -5*y - 1. Calculate r(y).
-9
Let b be 58/(-12) + 1/(-6). Let m(z) = 9. Let c(p) = -p + 19. Let t(v) = 2*c(v) - 5*m(v). Give t(b).
3
Let z(a) be the third derivative of 1/6*a**4 - 1/60*a**5 + 0*a + 0 + 2*a**2 + 1/2*a**3. Give z(-2).
-9
Let a(w) = 1 + 0 - 2*w**2 + w**2. Let v be ((-2)/(-6))/(6/36). Suppose -v*n - 1 - 1 = 0. Determine a(n).
0
Suppose 0 = 8*c - 3*c - 10, 4*c - 23 = -5*n. Let d(h) = 2*h + 6*h**3 + 5*h**3 - 2*h**n + 1. Let q = -2 + 1. Give d(q).
-10
Let i(k) = -k**3 - k**2 - k - 8. Suppose -v = -w, -5*v = w - 4*w - 4. Suppose -w*g - g = 0. Give i(g).
-8
Let w be (-5)/(75/(-18))*5. Let l = 8 - w. Let y(n) = 2*n**2 - 5*n - 3*n**l + 3*n**2 + 4. Calculate y(3).
7
Let v(g) = -7*g - 1. Suppose 3*x + 37 = 25. Determine v(x).
27
Let u be 1/(-2)*16/(-4). Let f(b) = -2*b**2 + 2*b - 2. Calculate f(u).
-6
Let g(d) = 0*d + 4*d**2 - 2*d - 3*d**2. Let x = 6 - -6. Let v = x - 9. Calculate g(v).
3
Let t(i) be the third derivative of i**7/840 - i**6/90 - i**5/40 + i**4/6 - i**3/2 + 2*i**2. Let f(d) be the first derivative of t(d). Calculate f(4).
-8
Let x(w) = w**2 - w - 1. Let v be x(-3). Let s(y) = -v*y**2 + y**2 - 3*y + 4*y. Give s(-1).
-11
Suppose 4 = 3*k - k. Let m = k - 5. Let h(d) = 2*d - 3. Give h(m).
-9
Let k be 4 + (1 - 4) - -1. Let d(s) = 3*s**2 + 5 - 2*s**k + 0*s**2. Suppose -2*h + v = 4, 5*h - 2*h = -4*v + 16. What is d(h)?
5
Let w = 4 + -3. Let s(p) = 5 - 7*p - w + p**2 - 5. Determine s(6).
-7
Let j(m) = m**2 + 5*m - m - 1 - 2. Suppose 2*t = 5*w - 16, 0 = 2*w - 5*t + 2*t - 2. Let s = w + -9. Determine j(s).
2
Suppose -2*z - 5 = 3*z. Suppose 0 = 3*p - 1 - 8. Let d(j) = -4*j**3 - j**3 + j + 1 + j**p. Give d(z).
4
Let y be (-24)/(-14) - 6/(-21). Let d(f) be the first derivative of -2*f**3/3 - f**2 + 2*f + 20. Determine d(y).
-10
Let p(j) be the first derivative of -1/4*j**4 - 7/2*j**2 + 3*j - 7/3*j**3 + 5. What is p(-6)?
9
Let z(d) = d**3 - 7*d**2 - 2*d + 2. Let n(a) = 7*a**2. Let v be n(-1). Determine z(v).
-12
Let w(a) = -a**2 + 6*a - 4. Let o = -81 - -86. Calculate w(o).
1
Let o(j) = j - 3. Let i be o(6). Suppose -r - i*g + 9 = 2*r, -r - 5*g = 1. Let y(d) = d**2 - 4*d + 1. Give y(r).
1
Let f(p) = -p**3 - p**2 - p + 3. Let b be 3 + 12/((-12)/3). Calculate f(b).
3
Suppose 2*l - 3 = -o, -2*o + o + l = 0. Let f(z) = -4*z**3 - 2*z**2 + z. Give f(o).
-5
Let z(p) = -p**2 + 4*p + 5. Suppose 15 = 4*x + x. Let l = x - -1. Suppose 22 = 3*u + 5*f, -l*u = -5*f - 9 + 3. Calculate z(u).
5
Let b(h) be the third derivative of -h**6/120 + h**5/60 + h**4/24 - 2*h**3 - 3*h**2. Give b(0).
-12
Let p = 7 - 2. Let k(s) = -s**3 + 6*s**2 - 7*s + 3. Give k(p).
-7
Suppose 2*x - 7 = o, x - 53 = 5*o - 0*x. Let d = -8 - o. Let a(i) = -1 + 2*i + 4*i - i**d - 3*i. What is a(2)?
-3
Let o(z) = 2*z - 9. Suppose 4*w + 5*c = 3 + 1, -w + 3*c = -18. Determine o(w).
3
Let w be ((-24)/10 + 0)/(12/(-30)). Let t(b) = -b**2 + 7*b - 3. What is t(w)?
3
Let n(b) = -b + 2. Let z = -4 - -7. Let v be 3 - 6/(-9)*-3. Let m = z + v. Give n(m).
-2
Let b = 39 + -38. Let w(t) be the second derivative of -7/12*t**4 + 1/2*t**2 - t + 0 - 1/3*t**3. Calculate w(b).
-8
Suppose -3*t = 4*g + 23, 3*t + 0 = -3. Let v(x) = x**2 + 4*x - 4. Calculate v(g).
1
Let y = 6 + -6. Suppose y = 2*g - 3*g - u - 10, u = -5. Let m(a) = 4*a**2 - 21*a - 19. Let o(f) = f**2 